e z(g).
7
Let h(d) be the first derivative of d**2/2 + 38*d - 7043. Calculate h(-22).
16
Suppose -768 = -85*s + 995 - 1253. Let b(l) = -l**3 + 5*l**2 + 9*l - 3. Determine b(s).
15
Let p(f) = -9*f**2 - 74*f - 19. Let n be -16 + 11 - (5 - 2)*1. What is p(n)?
-3
Let t(u) = -2*u**3 + 3*u**2 + u. Suppose -22 = 2*q - 4*i, -2*q = 3*i + 2 - 8. Let p be 5/q*48/40. Give t(p).
26
Suppose -27*n + 24 = -30. Let d(r) = 3*r**3 - 2*r**2 + r + 3. Give d(n).
21
Let g = -758 - -763. Let b(h) = -18*h + 6*h + 4*h + 6*h + 6. Determine b(g).
-4
Suppose 24 = 3*n + n. Let q(d) = 22*d - 17*d - n*d + 7. Let y(u) = -u**3 + u**2 + u. Let j be y(0). Calculate q(j).
7
Let w(s) = -8*s**3 - 41*s**2 - 12*s - 95. Let r(c) = -13*c**3 - 45*c**2 - 13*c - 93. Let p(i) = 2*r(i) - 3*w(i). Determine p(17).
-20
Suppose 0 = -4*z - 5*m - 23, -3*z + 0*m = 5*m + 16. Let s = 40262 + -18051. Let h(f) = -f**3 + 2*f**3 - 22214 + s + 7*f**2. Give h(z).
-3
Let o = -213 + 217. Let p(i) = -39*i - o + 12 + 42*i. Give p(7).
29
Let o = 1665 - 1659. Let c(j) = -j**2 - 3 + 9*j + 2 - 5 + 2. Determine c(o).
14
Let c(y) = 32*y**2 + 26*y**2 + 23*y**2 - 113*y**2 + 34*y**2 - 3*y - 4. Suppose -2 = s - 8. Let d be 6 - s - (1 - 4). What is c(d)?
5
Suppose -201*s = -z - 205*s - 41, z - 2*s = -41. Let q(r) = r**3 + 42*r**2 + 46*r + 172. Calculate q(z).
-33
Let a(j) be the third derivative of -15*j**4/8 + 2*j**3/3 + 315*j**2. What is a(2)?
-86
Suppose -7 = 5*t - 4*r, -2*r = 7 - 3. Let b(v) = 12*v + 30. Calculate b(t).
-6
Let j = 102 - 81. Suppose -3*d = -0*d - j. Let z(q) = -3 + 3 - d + 5 - q. Determine z(3).
-5
Let f(r) = 2*r - 3. Let h be f(4). Suppose -g = -2 + h, -4*o - 4*g = 8. Let n = -2 - o. Let l(b) = -b - 3. Determine l(n).
0
Let k(i) be the second derivative of -i**4/12 - i**3/2 + 3*i**2/2 + 3*i + 91. What is k(0)?
3
Let g(w) = -16*w**3 + 3*w**2 - w**2 - w**2. Let x be 26*19/14820*30. Give g(x).
-15
Let w(f) = -f**2 + f - 1. Let k be 1/1 + 1*1*65. Let s = 84 - k. Let c be ((-84)/s)/7*(-6)/4. Calculate w(c).
-1
Let h(s) be the third derivative of -s**5/60 + s**4/24 - s**3/3 - s**2. Let y = -88495 + 88495. Give h(y).
-2
Let v(t) be the first derivative of -t**2/2 + 22*t - 135. Let w(m) = -2. Let z(u) = -v(u) - 6*w(u). What is z(13)?
3
Suppose 0 = -4*m + 18 + 10. Let p be (5/(-6))/(m/(-42)). Let h(u) = -2*u - 7. Give h(p).
-17
Let q(x) = -3*x**2 - 11*x - 20. Let w(s) = 2*s**2 - s - 1. Let y(p) = q(p) + 2*w(p). Give y(11).
-44
Let f(x) = -5*x**2 + 9*x + 15. Let m(p) = -12*p**2 + 19*p + 27. Let v(y) = -7*f(y) + 3*m(y). What is v(-4)?
-16
Let q be -4 - (-4 + (-12)/3). Let g(u) = -2*u**2 - 19*u + 3*u**2 - q + 6*u + 3*u**2. Let n(x) = 7*x**2 - 25*x - 7. Let k(c) = 5*g(c) - 3*n(c). Calculate k(10).
1
Let d(k) = 310 + 2*k - 323 - k. Suppose -6*h = -19 - 23. Determine d(h).
-6
Let d(s) = 40*s**2 - 16*s - 13. Let p(f) = -49*f**2 + 17*f + 18. Let m(y) = 6*d(y) + 5*p(y). Give m(1).
-4
Suppose -246*n + 251*n = 10. Let i(q) = -5*q**2 - 4*q + 31*q**2 - 5*q**2 + 5*q - 23*q**n + 2. What is i(3)?
-13
Let i(l) be the third derivative of l**6/120 + l**5/60 - l**4/12 + 2*l**3 - 3*l**2 + 59. Give i(0).
12
Let h(y) be the third derivative of -y**6/720 + y**5/5 - y**4/6 - 5*y**3/3 + 5*y**2 + 14*y. Let s(v) be the second derivative of h(v). Calculate s(17).
7
Let u(x) = -3*x - 1. Let k = 266 - 255. Let p(c) = -c**3 + 10*c**2 + 19*c - 87. Let h be p(k). What is u(h)?
-4
Let v be 0/2 + -1*7 + -7 + 2. Let w(r) = -3*r**2 - 37*r - 25. Give w(v).
-13
Let t(v) = 32 - 100*v - 4 - 2*v**2 - 130*v + 364*v - 100*v. Give t(18).
-8
Let a(z) = 2*z**2 + 8*z - 1 + 60*z - 70*z - z**3. Suppose 0 = 18*p - 16*p - 6. Determine a(p).
-16
Suppose -5*n + 305 + 320 = -4*v, 0 = v - 3*n + 165. Let j = -150 - v. Let x(q) = q**2 + q + 4. Calculate x(j).
4
Let r(u) = -136*u - 312. Let x(t) = 429*t + 936. Let y(s) = -38*r(s) - 12*x(s). Calculate y(-31).
4
Let j(v) = 8*v - 15. Let n(p) = -3*p + 10. Let u(t) = j(t) + 2*n(t). What is u(2)?
9
Let a = 4 - 1. Let n(p) = 203*p - 2*p**2 + 0*p**2 - 119*p + p**3 - 1 - 83*p + p**2. What is n(a)?
20
Let m(r) = -r**2 - r. Let h(v) = -v**3 - 7*v**2 - 9*v - 2. Let l(d) = h(d) - 4*m(d). Suppose 15 = -22*j + 17*j. What is l(j)?
13
Let f(q) = 0*q**2 + 4*q + 6 - 9*q**2 + 8*q**2. Suppose -1757*t = -1775*t + 90. What is f(t)?
1
Let k(o) = 190*o + 10*o**2 + 2*o**3 + 149*o - 9 - 343*o. Give k(-5).
11
Let o(n) = 21*n**2 - 2*n - 5 - 22*n**2 - n. Let z(i) = -5*i + 13. Let l be z(4). Let a(q) = -q**2 - 3*q + 24. Let y be a(l). Give o(y).
-9
Let a(d) = -293*d + 64. Let f(u) = -104*u + 21. Let b(j) = 6*a(j) - 17*f(j). Give b(-3).
-3
Let r(p) = -1 + p**2 + 5 + 20*p - 119 + 107. Calculate r(-19).
-27
Let v(f) = -14*f**3 + 28*f**2 + 33*f + 45. Let p(y) = 5*y**3 - 9*y**2 - 10*y - 15. Let d(n) = 17*p(n) + 6*v(n). Calculate d(-13).
-11
Let s(o) = -37*o - 21. Let k(r) = -184*r - 96. Let g(u) = -3*k(u) + 14*s(u). Determine g(0).
-6
Let l(a) = 2*a + 15. Let z(m) = -m - 7. Let c(h) = 6*l(h) + 13*z(h). Let o be (-4)/14 + -6*6/(-126). Suppose o*y - 36 = 6*y. Calculate c(y).
5
Let k = -3207 - -3202. Let b(c) = 8*c + 54. Determine b(k).
14
Suppose 606 = 4*f - 874. Let t(i) = 372*i - 743*i + f*i - 3. What is t(-7)?
4
Let x(m) = -170*m + 55*m + 1 - 22*m**2 + 58*m + 59*m. Let i(v) = v**3 + 4*v**2 - 4*v - 7. Let l be i(-5). Let j = l - -11. Calculate x(j).
-23
Let m(y) = 3*y - 1. Let x(h) = h - 1. Let w(k) = -m(k) + 4*x(k). Let d be (-16)/(-7) - (-3 + 161/49). Suppose -7 = -5*b + 4*q, 11 = 2*b + 3*b - d*q. Give w(b).
0
Let g(v) = v**3 + 2*v**2 + 9*v + 7. Let u(r) = -46*r - 602. Let f be u(-13). Calculate g(f).
-61
Let m be (-2 - -2)*(6 + (-44)/8). Let y(c) = m*c + c - 11 - 2*c + 2*c. Let g be 0*(0 + -1)*-1. Give y(g).
-11
Suppose 4*q = -4*d + 7*q + 5, 0 = 4*d + q - 9. Let x(m) = -2*m + 4. Calculate x(d).
0
Let j(n) = 10*n - 45. Let y(x) = 38*x - 1212. Let u be y(32). Calculate j(u).
-5
Let t(k) = -5*k - 1. Let p(q) = 3*q. Let f(w) = -3*p(w) - 2*t(w). Let l(c) = 4*c + 11. Let n(s) = -5*f(s) + l(s). Give n(11).
-10
Let d(i) = -93*i + 132. Let f(o) = 23*o - 32. Let t(q) = 8*d(q) + 33*f(q). Determine t(1).
15
Let l = 1 + 2. Let h(z) = 0 - 1 - 3*z**3 + 2*z**2 + 11*z**l. Let t = -6236 - -6237. Give h(t).
9
Let t(r) = 11*r - 6. Suppose -19*n = 40*n + 17*n + 152. Calculate t(n).
-28
Let v(x) be the second derivative of -15*x**4/4 - x**3/2 + 2*x**2 - 41*x + 12. Determine v(1).
-44
Let q(r) = -9 - r**2 + 3 + 20*r - 39*r + 15*r. Let v be 42/15 + 6/30. Suppose 4*j - v*j - 2*y + 8 = 0, -5*j + y = 22. Calculate q(j).
-6
Let q(z) = -z + 19*z + 3*z**2 - 4*z - 5 - 7*z + 8. Determine q(-3).
9
Let p(x) = 2*x**2 - 4*x + 4. Let m be p(2). Suppose b + 0*b = m. Suppose -8 = -4*h + b*k, h + 0*k - 5 = -2*k. Let d(i) = i**2 - 5*i + 2. Determine d(h).
-4
Let w(t) = 221 - 3*t**2 - 708 + 2*t**3 + 489. What is w(2)?
6
Let o(f) be the second derivative of f**5/20 + 4*f**4/3 - 11*f**3/3 - 33*f**2/2 - f + 745. Determine o(-17).
52
Suppose 0 = 3*u + n - 36, 5*u + n = -2*n + 60. Let h(v) = 4*v + 11*v**3 + 1 - u*v**3 - 6*v**2 - 3. What is h(-6)?
-26
Let i(o) = -47*o + 619. Let r be i(0). Let z = 619 - r. Let m(g) = -g**2 + g - 3. Give m(z).
-3
Suppose 4*m - 24 = -2*z, 3*m + 12 = 5*m + 2*z. Let k(l) = -2*l - 15. Calculate k(m).
-27
Let a(x) = -x**3 - 11*x**2 - 11*x - 15. Let o(n) = -73*n - 225. Let k be o(-3). Calculate a(k).
-129
Let u(c) = -6*c**2 + 16*c + 40. Let l(o) = -3*o - 8. Let j(n) = 5*l(n) + u(n). Let f be 1*(-1)/(-2)*-2. What is j(f)?
-7
Let f(t) = -11*t**2 + 4*t + 3. Let u be f(1). Let g(p) = 19*p + 82. Let i be g(u). Let s(v) = -v**3 + 6*v**2 + 2*v - 7. Determine s(i).
5
Let x(m) = m**3 + 34*m**2 + 55*m + 1866. Let b be x(-34). Let k(i) be the third derivative of i**5/60 + i**4/12 - i**3/3 - i**2. Give k(b).
6
Let x(f) be the first derivative of 10*f + 3 - 1/2*f**2. Let r be 1/(5/((-175)/(-5))). Calculate x(r).
3
Let u(y) = -y**3 + 13*y**2 - 14*y + 26. Let d(x) = 60*x - 1668. Let s be d(28). Calculate u(s).
2
Let v(z) = 2*z + 45. Let d(s) = -s**3 + 14*s**2 - 30*s - 119. Let a be d(10). Determine v(a).
7
Let b(q) = -23*q + 9. Let o(r) = -r**3 + 24*r**2 + 4*r + 1. Let x be o(0). Give b(x).
-14
Suppose 846 = -2*o + 832. Let p(y) = -y**3 - 6*y**2 + 8*y + 4. Calculate p(o).
-3
Let s(c) = c**3 + 2*c**2 + 3*c - 7. Let r be (3*-3*(-14)/(-63))/((-3)/(-6)). Give s(r).
-51
Let c(y) = -3